54*b + 60. Calculate f(-17).
1556
Let m(t) = -t**3 - 11*t**2 + 623*t + 4838. What is m(-27)?
-319
Let d(g) = -5*g**2 - 604*g - 3990. What is d(-7)?
-7
Let g(t) = -43*t - 837. Determine g(-18).
-63
Let j(v) = -137505*v + 137488. What is j(1)?
-17
Let c(v) = 5305375*v - 68969867. Calculate c(13).
8
Let y(v) = -2*v**3 + 10*v**2 + 238*v - 1109. Calculate y(11).
57
Let z(i) = -13*i**2 - 6645*i - 40375. Calculate z(-505).
25
Let h(d) = -175788*d + 4043135. Give h(23).
11
Let w(s) = 2*s**3 + 1756*s**2 + 130543*s - 795. Give w(-796).
1
Let j(b) = 454*b**3 - b**2 - 45*b - 44. Give j(-1).
-454
Let x(a) = 6152*a**2 - 18591*a + 401. Calculate x(3).
-4
Let l(y) = y**3 - 2*y**2 - 2009*y - 22083. Calculate l(-12).
9
Let q(y) = 145*y**3 - 1155*y**2 - 4*y - 170. What is q(8)?
118
Let i(v) = -95*v + 82. What is i(3)?
-203
Let h(t) = -t**3 - 6*t**2 + 2402*t + 21293. Determine h(-9).
-82
Let m(j) = j**3 - 606*j**2 - 83752*j - 5. Calculate m(722).
-5
Let d(a) = -31*a**2 + 1649*a - 318. What is d(53)?
0
Let p(n) = -n**3 - 87*n**2 - 447*n - 6436. What is p(-82)?
-3402
Let a(v) = v**3 - 4*v**2 + 570*v + 5217. Give a(-8).
-111
Let q(m) = 224*m**3 + 11*m**2 + m - 37. Calculate q(2).
1801
Let j(w) = w**3 + 70*w**2 + 792*w - 1803. Give j(-55).
12
Let l(z) = -z**3 - 8*z**2 + 5600*z + 39256. Give l(-7).
7
Let k(g) = 1848*g + 36018. Calculate k(-20).
-942
Let u(x) = -4*x**2 + 63*x + 3016. Determine u(-30).
-2474
Let u(t) = -4*t**3 + 1307*t**2 + 8011*t + 131. Calculate u(-6).
-19
Let y(k) = -32169*k - 483657. Calculate y(-15).
-1122
Let t(y) = -y**2 - 15186*y - 1927423. Give t(-128).
1
Let i(d) = d**3 + 154*d**2 + 1670*d + 33117. What is i(-144)?
-3
Let j(l) = -12*l**3 - l**2 + 4*l + 85. What is j(0)?
85
Let b(h) = -10*h**3 - 25*h**2 - 203*h - 392. Calculate b(-2).
-6
Let s(o) = o**2 - 2026*o + 19908. Determine s(10).
-252
Let x(v) = 3*v**2 - 6278*v + 3089863. Give x(1301).
-12
Let i(d) = d**3 + 819*d**2 - 3012*d - 448818. Give i(-822).
-6
Let n(m) = -19076*m - 2518025. Determine n(-132).
7
Let y(s) = 159740*s - 479225. Determine y(3).
-5
Let x(w) = -17*w + 3302. Calculate x(-43).
4033
Let u(i) = 4*i**2 - 427*i - 14. Determine u(107).
93
Let g(f) = -f**3 - 266*f**2 + 32937*f + 365. Calculate g(-358).
7
Let n(s) = -2*s**2 + 20829*s + 187437. Determine n(-9).
-186
Let g(v) = 4802*v + 37353. What is g(-8)?
-1063
Let w(z) = -81*z**3 + 319*z**2 - 7*z - 6. Calculate w(4).
-114
Let w(f) = 5869*f - 1919154. Give w(327).
9
Let o(n) = n**2 - 99*n - 2002. What is o(126)?
1400
Let y(o) = 15946*o + 398608. Calculate y(-25).
-42
Let s(l) = -666*l + 248427. Give s(373).
9
Let h(k) = k**2 - 44232*k - 619538. Give h(-14).
-94
Let m(u) = -1604*u**2 - 6391*u + 98. Calculate m(-4).
-2
Let k(v) = 2*v**3 - 438*v**2 - 925*v + 296705. Determine k(218).
7
Let u(i) = -13*i**2 - 1457*i - 40768. Give u(-58).
6
Let k(x) = 193*x**2 - 555*x - 136. What is k(4)?
732
Let k(m) = 2757*m - 1160708. Calculate k(421).
-11
Let w(g) = -g**3 - 18*g**2 - 9*g + 1439. Calculate w(-18).
1601
Let o(m) = 3182*m + 139981. Give o(-44).
-27
Let y(v) = -4*v**3 - 9*v**2 + 58*v - 14. Determine y(-5).
-29
Let i(z) = -2*z**3 + 324*z**2 - 5137*z - 846. Give i(18).
0
Let y(x) = 983*x - 1901. Give y(2).
65
Let p(y) = y**3 + 9*y**2 + 3419*y + 23882. What is p(-7)?
47
Let h(r) = -47646*r - 476465. Calculate h(-10).
-5
Let u(c) = -834*c**2 + 111762*c - 704. Determine u(134).
100
Let n(b) = -2337*b - 6897. Calculate n(-3).
114
Let b(m) = m**3 + 23*m**2 + 63*m - 177. Calculate b(-6).
57
Let j(o) = 56107*o + 3646959. Determine j(-65).
4
Let z(j) = 13*j**3 - 1645*j**2 - 2420*j - 1565. Give z(128).
-29
Let q(b) = 2*b**2 - 30*b - 2354. Calculate q(51).
1318
Let r(g) = -86969*g + 6261786. Determine r(72).
18
Let f(l) = 7*l**2 + 109*l + 1558. What is f(-15)?
1498
Let o(b) = -22*b**3 + 79*b**2 + 503*b + 61. Determine o(7).
-93
Let h(n) = -n**3 + 32*n**2 - 14*n + 197. Determine h(30).
1577
Let r(z) = 191598*z + 19734602. Give r(-103).
8
Let s(o) = -o**2 + 93*o + 21469. Determine s(-107).
69
Let o(s) = -55343*s - 442730. Give o(-8).
14
Let p(y) = 32*y**2 - 4388*y + 550. What is p(137)?
2
Let g(y) = 57*y**3 - y**2 - 47*y - 70. Give g(-2).
-436
Let m(y) = 6*y**2 - 10762*y - 32234. Calculate m(-3).
106
Let v(x) = -2829*x - 118811. Determine v(-42).
7
Let z(q) = q**3 - 346*q**2 - 3458*q + 1196463. Calculate z(346).
-5
Let t(z) = -666*z**2 + 4240*z + 7. Determine t(6).
1471
Let o(q) = -150*q**2 + 4390*q - 1173. Calculate o(29).
-13
Let n(v) = -v**3 - 17137*v**2 - 68523*v. Give n(-4).
-36
Let w(u) = -u**2 - 64932*u - 714181. Determine w(-11).
-50
Let r(o) = -o**3 - 7*o**2 - 62*o - 1021. Calculate r(-12).
443
Let u(o) = -5209*o**2 - 41600*o - 5. What is u(-8)?
-581
Let o(p) = 15767*p**2 + 299570*p - 26. Give o(-19).
31
Let l(h) = -31449*h - 32589. Determine l(-1).
-1140
Let s(x) = 21*x**2 + 10043*x + 32274. Give s(-475).
-26
Let u(y) = 3*y**2 - 14581*y + 2. Determine u(0).
2
Let o(d) = d**2 - 1778*d - 35796. What is o(-20)?
164
Let g(v) = v**3 - 6*v**2 + 1999*v + 14. Calculate g(0).
14
Let j(n) = -5*n**3 + 280*n**2 - 2380*n + 133275. Give j(56).
-5
Let x(y) = -277580*y + 1110323. What is x(4)?
3
Let h(w) = -2*w**2 + 264*w - 3977. What is h(115)?
-67
Let g(a) = -926*a + 33343. Determine g(36).
7
Let p(o) = -7*o**3 - 135*o**2 - 588*o - 10454. Give p(-19).
-4
Let x(u) = -19*u**2 + 599*u - 2842. Determine x(6).
68
Let g(f) = -f**3 + 7330*f**2 + 44018*f + 20. Give g(-6).
8
Let i(v) = 25*v**2 + 2847*v + 10253. Calculate i(-110).
-417
Let q(l) = 2*l**3 + 419*l**2 - 637*l - 874. Calculate q(-211).
-30
Let m(d) = -2*d**2 + 4416*d - 61460. Give m(14).
-28
Let c(d) = -20*d - 5663. What is c(-281)?
-43
Let d(p) = 2274*p + 17902. What is d(-7)?
1984
Let s(l) = -6*l**3 - 4*l**2 + 36*l + 92. Calculate s(-2).
52
Let j(s) = -s**3 + 5349*s**2 + 48211*s - 17. What is j(-9)?
82
Let i(u) = -u**2 - 112*u + 17047. Determine i(89).
-842
Let c(b) = -8897*b - 17692. What is c(-2)?
102
Let n(g) = 4*g**3 - 535*g - 2073. What is n(-4)?
-189
Let w(h) = 1616*h - 71033. Calculate w(44).
71
Let q(d) = 3*d**2 + 240*d + 3055. Give q(-64).
-17
Let o(w) = 286*w**2 + 44621*w + 695. Calculate o(-156).
-85
Let v(m) = 88*m + 330. Calculate v(-4).
-22
Let q(z) = 5820*z - 435. Give q(-1).
-6255
Let z(b) = b**3 + 9*b**2 + 60*b + 92. What is z(-14)?
-1728
Let k(n) = -2*n**3 + 238*n**2 + 252*n - 1699. Calculate k(120).
-259
Let s(w) = -w**3 - 388*w**2 - 2683*w - 294144. Give s(-383).
0
Let q(s) = -s**2 + 4678*s + 108728. What is q(-23)?
605
Let z(d) = -1158*d - 11182. Determine z(-10).
398
Let f(z) = -z**3 + 107*z**2 - 215*z + 685. Calculate f(105).
160
Let d(g) = -g**3 + 26*g**2 + 46*g - 25. Give d(-3).
98
Let k(a) = -a**2 + 184*a - 4099. What is k(26)?
9
Let j(v) = -2*v**2 - 949*v - 3758. What is j(-4)?
6
Let o(p) = p**3 - 63*p**2 + 40*p + 646. Give o(62).
-718
Let p(d) = 18153*d + 1343276. Give p(-74).
-46
Let u(h) = -18*h + 23. Determine u(-18).
347
Let z(m) = -m**3 - 46*m**2 - 588*m - 32835. Determine z(-48).
-3
Let b(m) = -m**3 - 134*m**2 - 1969*m + 324. Calculate b(-17).
-16
Let s(u) = -7*u**3 - 2212*u**2 + 2223*u + 1262. What is s(-317)?
-6
Let s(t) = t**2 - 156555*t + 2035052. Determine s(13).
6
Let x(d) = d**3 - 73*d**2 + 249*d - 29922. Determine x(75).
3
Let m(i) = -2*i**2 + 479*i - 25339. Calculate m(79).
20
Let l(c) = -17292*c + 4357574. Give l(252).
-10
Let m(x) = 3*x**2 + 11887*x + 59332. What is m(-5)?
-28
Let o(f) = 2517048*f + 5034085. Calculate o(-2).
-11
Let v(r) = r**2 + 3423*r + 1673712. What is v(-591)?
0
Let o(h) = -2576*h + 82458. Give o(32).
26
Let p(i) = i**3 + 91*i**2 + 15*i + 524. Give p(-91).
-841
Let a(i) = -i**2 + 1208*i + 564370. Give a(-360).
-110
Let h(v) = 13*v**3 - 182*v**2 - 151. What is h(14)?
-151
Let h(l) = 10390*l + 924674. Determine h(-89).
-36
Let x(i) = -12*i**3 + 12*i**2 - 3*i + 30. What is x(5)?
-1185
Let l(f) = 321*f + 101716. Calculate l(-316).
280
Let w(y) = -y**2 - 126*y - 1095. Determine w(-10).
65
Let m(y) = 8419*y - 84195. Calculate m(10).
-5
Let f(c) = 2*c**3 - 9*c**2 - 314*c + 109. Determine f(12).
-1499
Let q(h) = 329*h**3 + 17761*h**2 - 266*h + 238. Determine q(-54).
22
Let w(t) = t**2 + 272*t + 10583. What is w(-200)?
-3817
Let u(b) = 186*b**2 - 27548*b + 3086. What is u(148)?
126
Let i(f) = -64059*f. What is i(0)?
0
Let f(y) = -22119